?
395
Calculate the highest common factor of 5652 and 9267.
3
What is the greatest common factor of 5420 and 4171232?
1084
What is the highest common divisor of 15276084 and 106?
106
What is the highest common divisor of 4 and 17601?
1
What is the highest common divisor of 75592864 and 32?
32
Calculate the greatest common factor of 1949272025 and 25.
25
Calculate the greatest common divisor of 708977 and 4163.
181
What is the highest common divisor of 1902 and 125310734?
634
Calculate the highest common divisor of 18 and 67087662.
6
Calculate the greatest common factor of 54458 and 57086.
146
Calculate the highest common divisor of 52239 and 1430418.
33
Calculate the highest common factor of 121831 and 2093.
23
Calculate the highest common divisor of 29520 and 535.
5
Calculate the greatest common divisor of 115324 and 5280.
44
Calculate the highest common divisor of 28780 and 434560.
20
Calculate the highest common divisor of 760527189 and 3141.
3141
What is the greatest common divisor of 4338160 and 101702?
422
What is the highest common divisor of 356163 and 5221?
227
What is the highest common factor of 42 and 1295022?
6
